{"id":3060,"date":"2018-03-02T17:03:38","date_gmt":"2018-03-02T08:33:38","guid":{"rendered":"https:\/\/www.peacefulpillhandbook.com\/deutsch\/?page_id=3060"},"modified":"2023-01-04T15:37:14","modified_gmt":"2023-01-04T14:37:14","slug":"achtung-betrug","status":"publish","type":"page","link":"https:\/\/www.peacefulpillhandbook.com\/deutsch\/achtung-betrug\/","title":{"rendered":"Achtung Betrug!"},"content":{"rendered":"<p>Seit vielen Jahren ver\u00f6ffentlicht Exit International eine Liste von Betr\u00fcgern, um sei es Leser als auch die Allgemeinheit\u00a0 zu warnen. Betrug mit Nembutal ist ein stets wachsendes Problem.<\/p>\n<p>Im Juli 2020 hat Exit International eigens eine Webseite \u00fcber Betrug mit Nembutal gegr\u00fcndet. Sie hei\u00dft Nembutalscams (&#8222;Scam&#8220; ist Englisch f\u00fcr <em>Betrug<\/em>) und ist unter\u00a0 <a href=\"https:\/\/www.nembutalscams.com\/de\/\" target=\"_blank\" rel=\"noopener\"><strong>www.nembutalscams.com<\/strong><\/a> auch auf Deutsch abrufbar.<\/p>\n<p>Das Handbuch <em>Die friedliche Pille<\/em> wird weiterhin eine Liste mit den ber\u00fcchtigsten Betr\u00fcgern ver\u00f6ffentlichen, f\u00fcr die vollst\u00e4ndige Datenbank laden wir jedoch eine die Webseite\u00a0<a href=\"https:\/\/www.nembutalscams.com\/de\/\" target=\"_blank\" rel=\"noopener\"><strong>www.nembutalscams.com<\/strong><\/a>\u00a0aufzusuchen.<\/p>\n<p>Tips und Tricks wie man einen Betr\u00fcger erkennen kann findet man im Handbuch <em>Die friedliche Pille<\/em>.<\/p>\n<p>Die folgenden Webseiten oder Kontakte werden von <span style=\"text-decoration: underline;\">Betr\u00fcgern<\/span> betrieben und\u00a0stehen in keinerlei Verbindung zu\u00a0Philip Nitschke oder Exit International.<\/p>\n<p>Die aktuellste Liste von Betr\u00fcgern finden Sie im Kapitel &#8222;Internet Betr\u00fcger&#8220; im digitalen Handbuch &#8222;<em>Die friedliche Pille<\/em>&#8222;.<\/p>\n<h2><strong>Wichtige Infos \u00fcber den online Kauf von Nembutal<\/strong><\/h2>\n<ul>\n<li>Exit International verkauft nicht und hat niemals mit Mediakmenten gehandelt. Wenn jemand das Gegenteil behauptet, k\u00f6nnen sie sicher sein, dass es sich um Betr\u00fcger handelt.<\/li>\n<li>Webseiten von Betr\u00fcgern \u00e4ndern st\u00e4ndig<\/li>\n<\/ul>\n<h2><strong>Eine Auswahl an Webseiten die Betrug mit Nembutal betreiben, welche im E-Handbuch &#8222;<em>Die friedliche Pille<\/em>&#8220; aufgelistet sind:<\/strong><\/h2>\n<p><strong>Barbiturate Online Store<\/strong> &lt;<a href=\"https:\/\/getbarbiturates.com\/\">https:\/\/getbarbiturates.com\/<\/a>&gt;<\/p>\n<p><strong>Berlin Pharmacy<\/strong> &lt;<a href=\"mailto:Berlinpharmacy@dr.com\">Berlinpharmacy@dr.com<\/a>&gt;<\/p>\n<p><strong>Best Nembutal<\/strong> &lt;<a href=\"https:\/\/bestnembutal.com\">https:\/\/bestnembutal.com<\/a>&gt;<\/p>\n<p><strong>Buy Nembutal On-Line<\/strong> &lt;<a href=\"http:\/\/www.buynembutal.online\">http:\/\/www.buynembutal.online<\/a>&gt;<\/p>\n<p><strong>Buy Nembutal &lt;<\/strong><a href=\"http:\/\/buynembutal.com\/\">http:\/\/buynembutal.com\/<\/a><strong>&gt;<\/strong><\/p>\n<p><strong>Buy Real Nembutal<\/strong> &lt;<a href=\"https:\/\/buyrealnembutal.com\/about-us\/\">https:\/\/buyrealnembutal.com\/about-us\/<\/a>&gt;<\/p>\n<p><strong>Cameroon 1. El-Hazzi Jal \u2013 Saeed<\/strong> &lt;<a href=\"mailto:jalsaeedelhajjis@yahoo.com\">jalsaeedelhajjis@yahoo.com<\/a>&gt;<\/p>\n<p><strong>Cameroon 2. \u201cDerek\u201d<\/strong> &lt;<a href=\"mailto:nembutalmeciation@gmail.com\">nembutalmeciation@gmail.com<\/a>&gt; Tel + 273 676 1644 79 &amp; + 1 6267 250 821<\/p>\n<p><strong>Die with Dignity<\/strong> &lt;<a href=\"https:\/\/diewithdignity.net\/nembutal-uk\/\">https:\/\/diewithdignity.net\/nembutal-uk\/<\/a>&gt;<\/p>\n<p><strong>Dignified in Death<\/strong> &lt;<a href=\"http:\/\/dignifiedindeath.com\/\">http:\/\/dignifiedindeath.com\/<\/a>&gt;<\/p>\n<p><strong>Dr Hardy<\/strong> &#8211; see Shawn Hardy<\/p>\n<p><strong>Euthanasia International<\/strong> &lt;<a href=\"https:\/\/www.euthanint.org\/\">https:\/\/www.euthanint.org\/<\/a>&gt;<\/p>\n<p><strong>Euthanint<\/strong> &lt; <a href=\"mailto:info@euthanint.org\">info@euthanint.org<\/a>&gt;<\/p>\n<p><strong>Exit International Group<\/strong> &lt;<a href=\"http:\/\/www.exitway.org\/\">http:\/\/www.exitway.org\/<\/a>&gt; &amp; &lt;<a href=\"http:\/\/www.exitinternational.online&gt;\">http:\/\/www.exitinternational.online&gt;<\/a><\/p>\n<p><strong>Glomedstore<\/strong> &lt;<a href=\"mailto:glomedstore@gmail.com\">glomedstore@gmail.com<\/a>&gt;<\/p>\n<p><strong>Glorious End<\/strong> &lt;<a href=\"https:\/\/gloriousend.com\/buying-nembutal-online\/\">https:\/\/gloriousend.com\/buying-nembutal-online\/<\/a>&gt;<\/p>\n<p><strong>Info Nembutal<\/strong> &lt;<a href=\"mailto:info.nembutalpentobarbital@gmail.com\">info.nembutalpentobarbital@gmail.com<\/a>&gt;<\/p>\n<p><strong>Jonas<\/strong> &lt;<a href=\"mailto:euthanasiaexitgroup@gmail.com\">euthanasiaexitgroup@gmail.com<\/a>&gt;<\/p>\n<p><strong>Jones from Peaceful Pill Directory<\/strong> &lt;<a href=\"mailto:info@peacefulpilldirectory.com\">info@peacefulpilldirectory.com<\/a>&gt;<\/p>\n<p><strong>&#8230; usw. usw.<\/strong><\/p>\n<h3><strong><br \/>\nAuf Deutsch:<\/strong><\/h3>\n<p><strong>Allexpressevices.com<\/strong> &#8211;\u00a0 EMSMEDS@usa.com<\/p>\n<p><strong>Ausgangspunkte<\/strong> &#8211; &lt;\u00a0<a href=\"https:\/\/ausgangspunkte.eu\/\" target=\"_blank\" rel=\"noopener\">https:\/\/ausgangspunkte.eu\/<\/a> &gt;<\/p>\n<p><strong>Gutewille Seite<\/strong> &lt;<a href=\"https:\/\/gutewilleseite.com\">https:\/\/gutewilleseite.com<\/a>&gt;<\/p>\n<p><strong>Friedliches Ende<\/strong> &lt;\u00a0https:\/\/friedlichesende.com\/ &gt;<\/p>\n<p><strong>Hochwertiger Nembutal Lieferant<\/strong> &lt;<a href=\"http:\/\/hochwertigerpentobarbital-lieferant.blogspot.com\/2018\/\">http:\/\/hochwertigerpentobarbital-lieferant.blogspot.com\/2018\/<\/a>&gt; &lt;petralonalkestine123@gmail.com&gt;<\/p>\n<p><strong>Nembutal.de<\/strong> &lt; http:\/\/nembutal.de\/&gt;<\/p>\n<p><strong>Mit W\u00fcrde sterben<\/strong> &lt;\u00a0https:\/\/mitwurdesterben.eu\/ &gt;<\/p>\n<p><strong>Schmerzlose Apotheke<\/strong> &lt;\u00a0https:\/\/schmerzloseapotheke.com\/ &gt;<\/p>\n<p><strong>Schmerzloser Weg<\/strong> &lt;https:\/\/schmerzloserweg.com\/&gt;<\/p>\n<p><strong>Schnellester Tod<\/strong> &lt;https:\/\/schnellstertod.com\/&gt;<\/p>\n<p>allexpressevices.com<\/p>\n<p>&nbsp;<\/p>\n<p>Wenn Sie eine betr\u00fcgerische Webseite finden oder wenn Sie Zweifel haben, k\u00f6nnen sie diese <a href=\"https:\/\/www.peacefulpillhandbook.com\/deutsch\/contact\/\">hier\u00a0melden<\/a>.<\/p>\n","protected":false},"excerpt":{"rendered":"<p>Seit vielen Jahren ver\u00f6ffentlicht Exit International eine Liste von Betr\u00fcgern, um sei es Leser als auch die Allgemeinheit\u00a0 zu warnen. Betrug mit Nembutal ist ein stets wachsendes Problem. Im Juli 2020 hat Exit International eigens eine Webseite \u00fcber Betrug mit Nembutal gegr\u00fcndet. Sie hei\u00dft Nembutalscams (&#8222;Scam&#8220; ist Englisch f\u00fcr Betrug) und ist unter\u00a0 www.nembutalscams.com auch [&hellip;]<\/p>\n","protected":false},"author":9,"featured_media":0,"parent":0,"menu_order":0,"comment_status":"closed","ping_status":"closed","template":"","meta":[],"tags":[],"yoast_head":"<!-- This site is optimized with the Yoast SEO plugin v16.0.2 - https:\/\/yoast.com\/wordpress\/plugins\/seo\/ -->\n<meta name=\"description\" content=\"Betrug mit Nembutal ist ein stets wachsendes Problem, welches alte und kranke Menschen im Internet betrifft.\" \/>\n<link rel=\"canonical\" href=\"https:\/\/www.peacefulpillhandbook.com\/deutsch\/achtung-betrug\/\" \/>\n<meta property=\"og:locale\" content=\"de_DE\" \/>\n<meta property=\"og:type\" content=\"article\" \/>\n<meta property=\"og:title\" content=\"Die friedliche Pille - Das Handbuch Betrug mit Nembutal\" \/>\n<meta property=\"og:description\" content=\"Betrug mit Nembutal ist ein stets wachsendes Problem, welches alte und kranke Menschen im Internet betrifft.\" \/>\n<meta property=\"og:url\" content=\"https:\/\/www.peacefulpillhandbook.com\/deutsch\/achtung-betrug\/\" \/>\n<meta property=\"og:site_name\" content=\"Die friedliche Pille - Das Handbuch\" \/>\n<meta property=\"article:publisher\" content=\"https:\/\/www.facebook.com\/philip.nitschke\" \/>\n<meta property=\"article:modified_time\" content=\"2023-01-04T14:37:14+00:00\" \/>\n<meta name=\"twitter:card\" content=\"summary_large_image\" \/>\n<meta name=\"twitter:site\" content=\"@exit_deutsch\" \/>\n<meta name=\"twitter:label1\" content=\"Gesch\u00e4tzte Lesezeit\">\n\t<meta name=\"twitter:data1\" content=\"2 Minuten\">\n<script type=\"application\/ld+json\" class=\"yoast-schema-graph\">{\"@context\":\"https:\/\/schema.org\",\"@graph\":[{\"@type\":\"WebSite\",\"@id\":\"https:\/\/www.peacefulpillhandbook.com\/deutsch\/#website\",\"url\":\"https:\/\/www.peacefulpillhandbook.com\/deutsch\/\",\"name\":\"Die friedliche Pille - Das Handbuch\",\"description\":\"Das Handbuch Die friedliche Pille enth\\u00e4lt Informationen \\u00fcber Euthanasie und Sterbehilfe f\\u00fcr Senioren und schwer kranke Menschen.\",\"potentialAction\":[{\"@type\":\"SearchAction\",\"target\":\"https:\/\/www.peacefulpillhandbook.com\/deutsch\/?s={search_term_string}\",\"query-input\":\"required name=search_term_string\"}],\"inLanguage\":\"de-DE\"},{\"@type\":\"WebPage\",\"@id\":\"https:\/\/www.peacefulpillhandbook.com\/deutsch\/achtung-betrug\/#webpage\",\"url\":\"https:\/\/www.peacefulpillhandbook.com\/deutsch\/achtung-betrug\/\",\"name\":\"Die friedliche Pille - Das Handbuch Betrug mit Nembutal\",\"isPartOf\":{\"@id\":\"https:\/\/www.peacefulpillhandbook.com\/deutsch\/#website\"},\"datePublished\":\"2018-03-02T08:33:38+00:00\",\"dateModified\":\"2023-01-04T14:37:14+00:00\",\"description\":\"Betrug mit Nembutal ist ein stets wachsendes Problem, welches alte und kranke Menschen im Internet betrifft.\",\"breadcrumb\":{\"@id\":\"https:\/\/www.peacefulpillhandbook.com\/deutsch\/achtung-betrug\/#breadcrumb\"},\"inLanguage\":\"de-DE\",\"potentialAction\":[{\"@type\":\"ReadAction\",\"target\":[\"https:\/\/www.peacefulpillhandbook.com\/deutsch\/achtung-betrug\/\"]}]},{\"@type\":\"BreadcrumbList\",\"@id\":\"https:\/\/www.peacefulpillhandbook.com\/deutsch\/achtung-betrug\/#breadcrumb\",\"itemListElement\":[{\"@type\":\"ListItem\",\"position\":1,\"item\":{\"@type\":\"WebPage\",\"@id\":\"https:\/\/www.peacefulpillhandbook.com\/deutsch\/\",\"url\":\"https:\/\/www.peacefulpillhandbook.com\/deutsch\/\",\"name\":\"Startseite\"}},{\"@type\":\"ListItem\",\"position\":2,\"item\":{\"@type\":\"WebPage\",\"@id\":\"https:\/\/www.peacefulpillhandbook.com\/deutsch\/achtung-betrug\/\",\"url\":\"https:\/\/www.peacefulpillhandbook.com\/deutsch\/achtung-betrug\/\",\"name\":\"Achtung Betrug!\"}}]}]}<\/script>\n<!-- \/ Yoast SEO plugin. -->","_links":{"self":[{"href":"https:\/\/www.peacefulpillhandbook.com\/deutsch\/wp-json\/wp\/v2\/pages\/3060"}],"collection":[{"href":"https:\/\/www.peacefulpillhandbook.com\/deutsch\/wp-json\/wp\/v2\/pages"}],"about":[{"href":"https:\/\/www.peacefulpillhandbook.com\/deutsch\/wp-json\/wp\/v2\/types\/page"}],"author":[{"embeddable":true,"href":"https:\/\/www.peacefulpillhandbook.com\/deutsch\/wp-json\/wp\/v2\/users\/9"}],"replies":[{"embeddable":true,"href":"https:\/\/www.peacefulpillhandbook.com\/deutsch\/wp-json\/wp\/v2\/comments?post=3060"}],"version-history":[{"count":41,"href":"https:\/\/www.peacefulpillhandbook.com\/deutsch\/wp-json\/wp\/v2\/pages\/3060\/revisions"}],"predecessor-version":[{"id":3723,"href":"https:\/\/www.peacefulpillhandbook.com\/deutsch\/wp-json\/wp\/v2\/pages\/3060\/revisions\/3723"}],"wp:attachment":[{"href":"https:\/\/www.peacefulpillhandbook.com\/deutsch\/wp-json\/wp\/v2\/media?parent=3060"}],"wp:term":[{"taxonomy":"post_tag","embeddable":true,"href":"https:\/\/www.peacefulpillhandbook.com\/deutsch\/wp-json\/wp\/v2\/tags?post=3060"}],"curies":[{"name":"wp","href":"https:\/\/api.w.org\/{rel}","templated":true}]}}