{"id":793,"date":"2014-05-28T08:26:55","date_gmt":"2014-05-27T23:56:55","guid":{"rendered":"http:\/\/www.peacefulpillhandbook.com\/int\/int\/?page_id=793"},"modified":"2025-12-01T10:06:16","modified_gmt":"2025-12-01T09:06:16","slug":"versionen","status":"publish","type":"page","link":"https:\/\/www.peacefulpillhandbook.com\/deutsch\/inhalte-des_handbuchs\/versionen\/","title":{"rendered":"Handbuch Versionen"},"content":{"rendered":"<h2 class=\"outdented\" style=\"text-align: left; font-weight: normal;\"><strong>Handbuch Versionen<\/strong><\/h2>\n<p>Das Handbuch\u00a0<em>Die friedliche Pill<\/em>e \u00fcber Freitod und Sterbehilfe wird als digitale und gedruckte Version ver\u00f6ffentlicht:<\/p>\n<h2 class=\"outdented\" style=\"text-align: left; font-weight: normal;\"><strong>1.<br \/>\nOnline Ausgabe<br \/>\nE-Handbuch <em>Die friedliche Pille &#8211; The Essentials<\/em><br \/>\n<\/strong><\/h2>\n<ul>\n<li>12 Monate verf\u00fcgbar durch Abonnement<\/li>\n<li>Fortlaufende Aktualisierung<\/li>\n<li>Videos mit deutschen Untertiteln<\/li>\n<li>Zugang zu den Exit Forums (nur nach Genehmigung und Wartezeit von einem Monat)<\/li>\n<li>kann von PC, Laptop, iPad\/iPhone und Android Smartphones gelesen werden<\/li>\n<li>Kein PDF. Es kann <span style=\"text-decoration: underline;\">nicht<\/span> heruntergeladen und ausgedruckt werden. Das eHandbook wird live von einer sicheren URL gelesen.<\/li>\n<li>Abonnement mit Kreditkarte oder <a title=\"Bitcoins\" href=\"https:\/\/www.coinbase.com\/checkouts\/d495f8c758ab57841f860f3bd7d83c87\" target=\"_blank\" rel=\"noopener\">Bitcoins<\/a><\/li>\n<li>12 Monats-Abonnement 80 \u20ac<\/li>\n<\/ul>\n<p style=\"padding-left: 60px;\"><a href=\"https:\/\/www.peacefulpillhandbook.com\/store\/produkt\/edfp\/?lang=de\"><a class=\"maxbutton-4 maxbutton maxbutton-digitale-ausgabe-kaufen\" title=\"Klicken Sie hier, um die digitale Ausgabe des Handbuchs zu abonnieren\" href=\"https:\/\/www.peacefulpillhandbook.com\/store\/produkt\/edfp\/?lang=de\"><span class='mb-text'>DIGITALE AUSGABE KAUFEN<\/span><\/a>\u00a0<\/a><\/p>\n<hr \/>\n<h2 class=\"outdented\" style=\"text-align: left; font-weight: normal;\"><strong><span style=\"color: #000000;\">2.<br \/>\nDruckausgabe<br \/>\nHandbuch <em>Die friedliche Pille<\/em><\/span><br \/>\n<\/strong><\/h2>\n<p>Die Druckausgaben umfassen keine Aktualisierungen, Videos und geben kein Anrecht auf Forummitgliedschaft.<\/p>\n<ul>\n<li>2022 Druckausgabe bei Amazon &#8211; 80\u20ac (gedruckt und versendet von Amazon)<\/li>\n<li>2017 Druckausgabe bei Exit &#8211; 80\u20ac (direkt von Exit aus den Niederlanden versendet)<\/li>\n<\/ul>\n<p><em>Alle Preise ohne Versandt \/ Steuern.<br \/>\nDie 2022 Amazon-Ausgabe wurde so \u00fcberarbeitet, um f\u00fcr ein allgemeines, erwachsenes Publikum geeignet zu sein.<br \/>\n<\/em><\/p>\n<p style=\"padding-left: 60px;\"><a class=\"maxbutton-5 maxbutton maxbutton-druckausgabe-kaufen\" title=\"Klicken Sie hier, um die digitale Ausgabe des Handbuchs zu abonnieren\" href=\"https:\/\/www.peacefulpillhandbook.com\/store\/produkt\/dfp\/?lang=de\"><span class='mb-text'>DRUCKAUSGABE 2017 BEI EXIT KAUFEN<\/span><\/a><\/p>\n<p style=\"padding-left: 60px;\"><a class=\"maxbutton-5 maxbutton maxbutton-druckausgabe-kaufen\" target=\"_blank\" rel=\"noopener\" href=\"https:\/\/www.amazon.de\/dp\/B09QP6QRZK?ref_=pe_3052080_397514860\"><span class='mb-text'>DRUCKAUSGABE 2022 BEI AMAZON KAUFEN<\/span><\/a><\/p>\n<hr \/>\n<h2><strong>Digitale und gedruckte Version &#8211;\u00a0 Welche Ausgabe soll ich kaufen?<\/strong><\/h2>\n<table>\n<tbody>\n<tr>\n<td><\/td>\n<td><\/td>\n<td><\/td>\n<\/tr>\n<tr class=\"border\">\n<td valign=\"bottom\" width=\"500\">\n<p class=\"extralarge\">Die friedliche Pille<\/p>\n<\/td>\n<td class=\"bodyContentLarge\" bgcolor=\"#d4d0cf\" width=\"205\"><a href=\"https:\/\/www.peacefulpillhandbook.com\/store\/produkt\/edfp\/?lang=de\" target=\"_blank\" rel=\"noopener\"><strong>Digitalausgabe<\/strong><\/a><\/td>\n<td class=\"bodyContentLarge\" bgcolor=\"#e6e2e1\" width=\"205\"><a href=\"https:\/\/www.peacefulpillhandbook.com\/store\/produkt\/dfp\/?lang=de\" target=\"_blank\" rel=\"noopener\"><strong>Druckausgabe<\/strong><\/a><\/td>\n<\/tr>\n<tr class=\"border\">\n<td valign=\"bottom\">\n<p class=\"largeFont\">Kaufoptionen<\/p>\n<\/td>\n<td class=\"bodyContent\" bgcolor=\"#d4d0cf\">Abonnement 12 Monate<\/td>\n<td class=\"bodyContent\" bgcolor=\"#e6e2e1\">Einzelausgabe<\/td>\n<\/tr>\n<tr class=\"border\">\n<td valign=\"bottom\">\n<p class=\"largeFont\">Aktualisierungen<\/p>\n<\/td>\n<td class=\"bodyContent\" bgcolor=\"#d4d0cf\">JA<\/td>\n<td class=\"bodyContent\" bgcolor=\"#e6e2e1\">NEIN<\/td>\n<\/tr>\n<tr class=\"border\">\n<td>\n<p class=\"largeFont\">Zuverl\u00e4ssig, Accurate, Science-based Information<\/p>\n<\/td>\n<td class=\"bodyContent\" bgcolor=\"#d4d0cf\">JA<\/td>\n<td class=\"bodyContent\" bgcolor=\"#e6e2e1\">JA<\/td>\n<\/tr>\n<tr class=\"border\">\n<td valign=\"bottom\">\n<p class=\"largeFont\">Inhalte<\/p>\n<\/td>\n<td class=\"bodyContent\" bgcolor=\"#d4d0cf\">Stets aktualisiert<\/td>\n<td class=\"bodyContent\" bgcolor=\"#e6e2e1\">Am Druckdatum aktuell<\/td>\n<\/tr>\n<tr class=\"border\">\n<td>\n<p class=\"largeFont\">Videos<\/p>\n<\/td>\n<td class=\"bodyContent\" bgcolor=\"#d4d0cf\">JA<\/td>\n<td class=\"bodyContent\" bgcolor=\"#e6e2e1\">NEIN<\/td>\n<\/tr>\n<tr class=\"border\">\n<td>\n<p class=\"largeFont\">Forums<\/p>\n<\/td>\n<td class=\"bodyContent\" bgcolor=\"#d4d0cf\">JA<\/td>\n<td class=\"bodyContent\" bgcolor=\"#e6e2e1\">NEIN<\/td>\n<\/tr>\n<tr class=\"border\">\n<td><\/td>\n<td class=\"bodyContent\" style=\"text-align: center;\" bgcolor=\"#d4d0cf\"><a class=\"maxbutton-1 maxbutton maxbutton-kaufen\" title=\"Klicken Sie hier, um die verschiedenen Versionen des Handbuch zu vergleichen\" href=\"https:\/\/www.peacefulpillhandbook.com\/store\/produkt\/edfp\/?lang=de\"><span class='mb-text'>KAUFEN<\/span><\/a><\/td>\n<td class=\"bodyContent\" style=\"text-align: center;\" bgcolor=\"#e6e2e1\"><a class=\"maxbutton-1 maxbutton maxbutton-kaufen\" title=\"Klicken Sie hier, um die verschiedenen Versionen des Handbuch zu vergleichen\" href=\"https:\/\/www.peacefulpillhandbook.com\/store\/produkt\/dfp\/?lang=de\"><span class='mb-text'>KAUFEN<\/span><\/a><\/td>\n<\/tr>\n<\/tbody>\n<\/table>\n<p>&nbsp;<\/p>\n<div id=\"attachment_2943\" style=\"width: 342px\" class=\"wp-caption aligncenter\"><img aria-describedby=\"caption-attachment-2943\" loading=\"lazy\" class=\"wp-image-2943 size-full\" src=\"https:\/\/www.peacefulpillhandbook.com\/deutsch\/wp-content\/uploads\/2017\/08\/skew_digital.jpg\" alt=\"Digitale und gedruckte Version\" width=\"332\" height=\"411\" srcset=\"https:\/\/www.peacefulpillhandbook.com\/deutsch\/wp-content\/uploads\/2017\/08\/skew_digital.jpg 332w, https:\/\/www.peacefulpillhandbook.com\/deutsch\/wp-content\/uploads\/2017\/08\/skew_digital-242x300.jpg 242w, https:\/\/www.peacefulpillhandbook.com\/deutsch\/wp-content\/uploads\/2017\/08\/skew_digital-220x272.jpg 220w, https:\/\/www.peacefulpillhandbook.com\/deutsch\/wp-content\/uploads\/2017\/08\/skew_digital-130x161.jpg 130w\" sizes=\"(max-width: 332px) 100vw, 332px\" \/><p id=\"caption-attachment-2943\" class=\"wp-caption-text\">Handbuch Die friedliche Pille<\/p><\/div>\n","protected":false},"excerpt":{"rendered":"<p>Handbuch Versionen Das Handbuch\u00a0Die friedliche Pille \u00fcber Freitod und Sterbehilfe wird als digitale und gedruckte Version ver\u00f6ffentlicht: 1. Online Ausgabe E-Handbuch Die friedliche Pille &#8211; The Essentials 12 Monate verf\u00fcgbar durch Abonnement Fortlaufende Aktualisierung Videos mit deutschen Untertiteln Zugang zu den Exit Forums (nur nach Genehmigung und Wartezeit von einem Monat) kann von PC, Laptop, [&hellip;]<\/p>\n","protected":false},"author":4,"featured_media":0,"parent":780,"menu_order":2,"comment_status":"open","ping_status":"open","template":"","meta":[],"tags":[],"yoast_head":"<!-- This site is optimized with the Yoast SEO plugin v16.0.2 - https:\/\/yoast.com\/wordpress\/plugins\/seo\/ -->\n<meta name=\"description\" content=\"Das Handbuch Die friedliche Pille wird als digitale und gedruckte Version herausgegeben, wobei die digitale Version stets aktualisiert wird.\" \/>\n<link rel=\"canonical\" href=\"https:\/\/www.peacefulpillhandbook.com\/deutsch\/inhalte-des_handbuchs\/versionen\/\" \/>\n<meta property=\"og:locale\" content=\"de_DE\" \/>\n<meta property=\"og:type\" content=\"article\" \/>\n<meta property=\"og:title\" content=\"Die friedliche Pille - Das Handbuch - Digitale und gedruckte Version\" \/>\n<meta property=\"og:description\" content=\"Das Handbuch Die friedliche Pille wird als digitale und gedruckte Version herausgegeben, wobei die digitale Version stets aktualisiert wird.\" \/>\n<meta property=\"og:url\" content=\"https:\/\/www.peacefulpillhandbook.com\/deutsch\/inhalte-des_handbuchs\/versionen\/\" \/>\n<meta property=\"og:site_name\" content=\"Die friedliche Pille - Das Handbuch\" \/>\n<meta property=\"article:publisher\" content=\"https:\/\/www.facebook.com\/philip.nitschke\" \/>\n<meta property=\"article:modified_time\" content=\"2025-12-01T09:06:16+00:00\" \/>\n<meta property=\"og:image\" content=\"https:\/\/www.peacefulpillhandbook.com\/deutsch\/wp-content\/uploads\/2017\/08\/skew_digital.jpg\" \/>\n<meta name=\"twitter:card\" content=\"summary_large_image\" \/>\n<meta name=\"twitter:site\" content=\"@exit_deutsch\" \/>\n<meta name=\"twitter:label1\" content=\"Gesch\u00e4tzte Lesezeit\">\n\t<meta name=\"twitter:data1\" content=\"2 Minuten\">\n<script type=\"application\/ld+json\" class=\"yoast-schema-graph\">{\"@context\":\"https:\/\/schema.org\",\"@graph\":[{\"@type\":\"WebSite\",\"@id\":\"https:\/\/www.peacefulpillhandbook.com\/deutsch\/#website\",\"url\":\"https:\/\/www.peacefulpillhandbook.com\/deutsch\/\",\"name\":\"Die friedliche Pille - Das Handbuch\",\"description\":\"Das Handbuch Die friedliche Pille enth\\u00e4lt Informationen \\u00fcber Euthanasie und Sterbehilfe f\\u00fcr Senioren und schwer kranke Menschen.\",\"potentialAction\":[{\"@type\":\"SearchAction\",\"target\":\"https:\/\/www.peacefulpillhandbook.com\/deutsch\/?s={search_term_string}\",\"query-input\":\"required name=search_term_string\"}],\"inLanguage\":\"de-DE\"},{\"@type\":\"ImageObject\",\"@id\":\"https:\/\/www.peacefulpillhandbook.com\/deutsch\/inhalte-des_handbuchs\/versionen\/#primaryimage\",\"inLanguage\":\"de-DE\",\"url\":\"https:\/\/www.peacefulpillhandbook.com\/deutsch\/wp-content\/uploads\/2017\/08\/skew_digital.jpg\",\"width\":332,\"height\":411,\"caption\":\"Handbuch Die friedliche Pille\"},{\"@type\":\"WebPage\",\"@id\":\"https:\/\/www.peacefulpillhandbook.com\/deutsch\/inhalte-des_handbuchs\/versionen\/#webpage\",\"url\":\"https:\/\/www.peacefulpillhandbook.com\/deutsch\/inhalte-des_handbuchs\/versionen\/\",\"name\":\"Die friedliche Pille - Das Handbuch - Digitale und gedruckte Version\",\"isPartOf\":{\"@id\":\"https:\/\/www.peacefulpillhandbook.com\/deutsch\/#website\"},\"primaryImageOfPage\":{\"@id\":\"https:\/\/www.peacefulpillhandbook.com\/deutsch\/inhalte-des_handbuchs\/versionen\/#primaryimage\"},\"datePublished\":\"2014-05-27T23:56:55+00:00\",\"dateModified\":\"2025-12-01T09:06:16+00:00\",\"description\":\"Das Handbuch Die friedliche Pille wird als digitale und gedruckte Version herausgegeben, wobei die digitale Version stets aktualisiert wird.\",\"breadcrumb\":{\"@id\":\"https:\/\/www.peacefulpillhandbook.com\/deutsch\/inhalte-des_handbuchs\/versionen\/#breadcrumb\"},\"inLanguage\":\"de-DE\",\"potentialAction\":[{\"@type\":\"ReadAction\",\"target\":[\"https:\/\/www.peacefulpillhandbook.com\/deutsch\/inhalte-des_handbuchs\/versionen\/\"]}]},{\"@type\":\"BreadcrumbList\",\"@id\":\"https:\/\/www.peacefulpillhandbook.com\/deutsch\/inhalte-des_handbuchs\/versionen\/#breadcrumb\",\"itemListElement\":[{\"@type\":\"ListItem\",\"position\":1,\"item\":{\"@type\":\"WebPage\",\"@id\":\"https:\/\/www.peacefulpillhandbook.com\/deutsch\/\",\"url\":\"https:\/\/www.peacefulpillhandbook.com\/deutsch\/\",\"name\":\"Startseite\"}},{\"@type\":\"ListItem\",\"position\":2,\"item\":{\"@type\":\"WebPage\",\"@id\":\"https:\/\/www.peacefulpillhandbook.com\/deutsch\/inhalte-des_handbuchs\/\",\"url\":\"https:\/\/www.peacefulpillhandbook.com\/deutsch\/inhalte-des_handbuchs\/\",\"name\":\"Inhalte des Handbuchs\"}},{\"@type\":\"ListItem\",\"position\":3,\"item\":{\"@type\":\"WebPage\",\"@id\":\"https:\/\/www.peacefulpillhandbook.com\/deutsch\/inhalte-des_handbuchs\/versionen\/\",\"url\":\"https:\/\/www.peacefulpillhandbook.com\/deutsch\/inhalte-des_handbuchs\/versionen\/\",\"name\":\"Handbuch Versionen\"}}]}]}<\/script>\n<!-- \/ Yoast SEO plugin. -->","_links":{"self":[{"href":"https:\/\/www.peacefulpillhandbook.com\/deutsch\/wp-json\/wp\/v2\/pages\/793"}],"collection":[{"href":"https:\/\/www.peacefulpillhandbook.com\/deutsch\/wp-json\/wp\/v2\/pages"}],"about":[{"href":"https:\/\/www.peacefulpillhandbook.com\/deutsch\/wp-json\/wp\/v2\/types\/page"}],"author":[{"embeddable":true,"href":"https:\/\/www.peacefulpillhandbook.com\/deutsch\/wp-json\/wp\/v2\/users\/4"}],"replies":[{"embeddable":true,"href":"https:\/\/www.peacefulpillhandbook.com\/deutsch\/wp-json\/wp\/v2\/comments?post=793"}],"version-history":[{"count":144,"href":"https:\/\/www.peacefulpillhandbook.com\/deutsch\/wp-json\/wp\/v2\/pages\/793\/revisions"}],"predecessor-version":[{"id":3973,"href":"https:\/\/www.peacefulpillhandbook.com\/deutsch\/wp-json\/wp\/v2\/pages\/793\/revisions\/3973"}],"up":[{"embeddable":true,"href":"https:\/\/www.peacefulpillhandbook.com\/deutsch\/wp-json\/wp\/v2\/pages\/780"}],"wp:attachment":[{"href":"https:\/\/www.peacefulpillhandbook.com\/deutsch\/wp-json\/wp\/v2\/media?parent=793"}],"wp:term":[{"taxonomy":"post_tag","embeddable":true,"href":"https:\/\/www.peacefulpillhandbook.com\/deutsch\/wp-json\/wp\/v2\/tags?post=793"}],"curies":[{"name":"wp","href":"https:\/\/api.w.org\/{rel}","templated":true}]}}