{"id":798,"date":"2014-05-28T08:28:13","date_gmt":"2014-05-27T23:58:13","guid":{"rendered":"http:\/\/www.peacefulpillhandbook.com\/int\/int\/?page_id=798"},"modified":"2023-01-04T15:38:49","modified_gmt":"2023-01-04T14:38:49","slug":"vorschau","status":"publish","type":"page","link":"https:\/\/www.peacefulpillhandbook.com\/deutsch\/vorschau\/","title":{"rendered":"Vorschau"},"content":{"rendered":"<p>Nicht sicher ob das Handbuch <em>Die friedliche Pille<\/em> was f\u00fcr Sie ist? Sehen Sie eine kostenlose Vorschau an.<\/p>\n<p><strong>Bl\u00e4ttern Sie durch unsere kostenlose <a href=\"https:\/\/content.yudu.com\/web\/4z3g\/0A1pdbj\/DFPEssentials\/index.html\" target=\"_blank\" rel=\"noopener\">Vorschau<\/a> bevor Sie sich zum Kauf entscheiden.<\/strong><\/p>\n<p><img loading=\"lazy\" class=\"alignnone wp-image-3341 size-medium\" src=\"https:\/\/www.peacefulpillhandbook.com\/deutsch\/wp-content\/uploads\/2022\/12\/skew_essentials-digital.png\" alt=\"Kostenlose Vorschau des Handbuchs Die friedliche Pille\" width=\"236\" height=\"300\" \/><\/p>\n<p><em>Bitte beachten Sie: Sie m\u00fcssen \u00fcber 50 oder schwer erkrankt um sich zu abonnieren.<br \/>\n<\/em><em>Eine Fotoausweis kann verlangt werden.<\/em><\/p>\n<p>&nbsp;<\/p>\n<p>Die\u00a0<a href=\"https:\/\/www.peacefulpillhandbook.com\/deutsch\/inhalte-des_handbuchs\/versionen\/\">Druckausgabe<\/a>\u00a0des Handbuchs\u00a0<em>Die friedliche Pille,\u00a0<\/em>ein Buch \u00fcber Sterbehilfe\u00a0wurde erstmals 2006 auf Englisch mit dem Title \u201eThe Peaceful Pill\u201c ver\u00f6ffentlicht.*<\/p>\n<p>Die\u00a0<a href=\"https:\/\/www.peacefulpillhandbook.com\/deutsch\/inhalte-des_handbuchs\/versionen\/\">Online-Ausgabe<\/a>\u00a0des eHandbuchs\u00a0<em>Die friedliche Pille<\/em>\u00a0(Abonnement) wurde erstmals 2008 auf Englisch herausgegeben.<\/p>\n<p>Diese Internetausgabe wird bis zu 6 Mal j\u00e4hrlich aktualisiert, damit Leser stets \u00fcber wichtige Informationen in Bezug auf Freitodbegleitung und Sterbehilfe informiert sind.<\/p>\n<p>Die Druckausgabe und die Internetausgabe des Handbuchs Die friedliche Pille hat das Ziel Informationen \u00fcber Euthanasie, Sterbehilfe und assistierten Suizid f\u00fcr \u00e4ltere, schwer kranke Menschen (z. Beispiel an Krebs oder ALS erkrankt) und deren Familienangeh\u00f6rigen und Freunden zu liefern.<\/p>\n<p>Das Mindestalter f\u00fcr Abonnenten des Ebuchs\u00a0<em>Die friedliche Pille<\/em>\u00a0ist 50 Jahre.<\/p>\n","protected":false},"excerpt":{"rendered":"<p>Nicht sicher ob das Handbuch Die friedliche Pille was f\u00fcr Sie ist? Sehen Sie eine kostenlose Vorschau an. Bl\u00e4ttern Sie durch unsere kostenlose Vorschau bevor Sie sich zum Kauf entscheiden. Bitte beachten Sie: Sie m\u00fcssen \u00fcber 50 oder schwer erkrankt um sich zu abonnieren. Eine Fotoausweis kann verlangt werden. &nbsp; Die\u00a0Druckausgabe\u00a0des Handbuchs\u00a0Die friedliche Pille,\u00a0ein Buch [&hellip;]<\/p>\n","protected":false},"author":4,"featured_media":0,"parent":0,"menu_order":2,"comment_status":"open","ping_status":"closed","template":"","meta":[],"tags":[],"yoast_head":"<!-- This site is optimized with the Yoast SEO plugin v16.0.2 - https:\/\/yoast.com\/wordpress\/plugins\/seo\/ -->\n<meta name=\"description\" content=\"Kostenlose Vorschau des Handbuchs Die friedliche Pille (digitale Ausgabe), um sich die ersten Seiten vor dem Kauf anzusehen.\" \/>\n<link rel=\"canonical\" href=\"https:\/\/www.peacefulpillhandbook.com\/deutsch\/vorschau\/\" \/>\n<meta property=\"og:locale\" content=\"de_DE\" \/>\n<meta property=\"og:type\" content=\"article\" \/>\n<meta property=\"og:title\" content=\"Kostenlose Vorschau - Die friedliche Pille - Das Handbuch\" \/>\n<meta property=\"og:description\" content=\"Kostenlose Vorschau des Handbuchs Die friedliche Pille (digitale Ausgabe), um sich die ersten Seiten vor dem Kauf anzusehen.\" \/>\n<meta property=\"og:url\" content=\"https:\/\/www.peacefulpillhandbook.com\/deutsch\/vorschau\/\" \/>\n<meta property=\"og:site_name\" content=\"Die friedliche Pille - Das Handbuch\" \/>\n<meta property=\"article:publisher\" content=\"https:\/\/www.facebook.com\/philip.nitschke\" \/>\n<meta property=\"article:modified_time\" content=\"2023-01-04T14:38:49+00:00\" \/>\n<meta property=\"og:image\" content=\"https:\/\/www.peacefulpillhandbook.com\/deutsch\/wp-content\/uploads\/2022\/12\/skew_essentials-digital.png\" \/>\n<meta name=\"twitter:card\" content=\"summary_large_image\" \/>\n<meta name=\"twitter:site\" content=\"@exit_deutsch\" \/>\n<meta name=\"twitter:label1\" content=\"Gesch\u00e4tzte Lesezeit\">\n\t<meta name=\"twitter:data1\" content=\"1 Minute\">\n<script type=\"application\/ld+json\" class=\"yoast-schema-graph\">{\"@context\":\"https:\/\/schema.org\",\"@graph\":[{\"@type\":\"WebSite\",\"@id\":\"https:\/\/www.peacefulpillhandbook.com\/deutsch\/#website\",\"url\":\"https:\/\/www.peacefulpillhandbook.com\/deutsch\/\",\"name\":\"Die friedliche Pille - Das Handbuch\",\"description\":\"Das Handbuch Die friedliche Pille enth\\u00e4lt Informationen \\u00fcber Euthanasie und Sterbehilfe f\\u00fcr Senioren und schwer kranke Menschen.\",\"potentialAction\":[{\"@type\":\"SearchAction\",\"target\":\"https:\/\/www.peacefulpillhandbook.com\/deutsch\/?s={search_term_string}\",\"query-input\":\"required name=search_term_string\"}],\"inLanguage\":\"de-DE\"},{\"@type\":\"ImageObject\",\"@id\":\"https:\/\/www.peacefulpillhandbook.com\/deutsch\/vorschau\/#primaryimage\",\"inLanguage\":\"de-DE\",\"url\":\"https:\/\/www.peacefulpillhandbook.com\/deutsch\/wp-content\/uploads\/2022\/12\/skew_essentials-digital.png\",\"width\":332,\"height\":411},{\"@type\":\"WebPage\",\"@id\":\"https:\/\/www.peacefulpillhandbook.com\/deutsch\/vorschau\/#webpage\",\"url\":\"https:\/\/www.peacefulpillhandbook.com\/deutsch\/vorschau\/\",\"name\":\"Kostenlose Vorschau - Die friedliche Pille - Das Handbuch\",\"isPartOf\":{\"@id\":\"https:\/\/www.peacefulpillhandbook.com\/deutsch\/#website\"},\"primaryImageOfPage\":{\"@id\":\"https:\/\/www.peacefulpillhandbook.com\/deutsch\/vorschau\/#primaryimage\"},\"datePublished\":\"2014-05-27T23:58:13+00:00\",\"dateModified\":\"2023-01-04T14:38:49+00:00\",\"description\":\"Kostenlose Vorschau des Handbuchs Die friedliche Pille (digitale Ausgabe), um sich die ersten Seiten vor dem Kauf anzusehen.\",\"breadcrumb\":{\"@id\":\"https:\/\/www.peacefulpillhandbook.com\/deutsch\/vorschau\/#breadcrumb\"},\"inLanguage\":\"de-DE\",\"potentialAction\":[{\"@type\":\"ReadAction\",\"target\":[\"https:\/\/www.peacefulpillhandbook.com\/deutsch\/vorschau\/\"]}]},{\"@type\":\"BreadcrumbList\",\"@id\":\"https:\/\/www.peacefulpillhandbook.com\/deutsch\/vorschau\/#breadcrumb\",\"itemListElement\":[{\"@type\":\"ListItem\",\"position\":1,\"item\":{\"@type\":\"WebPage\",\"@id\":\"https:\/\/www.peacefulpillhandbook.com\/deutsch\/\",\"url\":\"https:\/\/www.peacefulpillhandbook.com\/deutsch\/\",\"name\":\"Startseite\"}},{\"@type\":\"ListItem\",\"position\":2,\"item\":{\"@type\":\"WebPage\",\"@id\":\"https:\/\/www.peacefulpillhandbook.com\/deutsch\/vorschau\/\",\"url\":\"https:\/\/www.peacefulpillhandbook.com\/deutsch\/vorschau\/\",\"name\":\"Vorschau\"}}]}]}<\/script>\n<!-- \/ Yoast SEO plugin. -->","_links":{"self":[{"href":"https:\/\/www.peacefulpillhandbook.com\/deutsch\/wp-json\/wp\/v2\/pages\/798"}],"collection":[{"href":"https:\/\/www.peacefulpillhandbook.com\/deutsch\/wp-json\/wp\/v2\/pages"}],"about":[{"href":"https:\/\/www.peacefulpillhandbook.com\/deutsch\/wp-json\/wp\/v2\/types\/page"}],"author":[{"embeddable":true,"href":"https:\/\/www.peacefulpillhandbook.com\/deutsch\/wp-json\/wp\/v2\/users\/4"}],"replies":[{"embeddable":true,"href":"https:\/\/www.peacefulpillhandbook.com\/deutsch\/wp-json\/wp\/v2\/comments?post=798"}],"version-history":[{"count":37,"href":"https:\/\/www.peacefulpillhandbook.com\/deutsch\/wp-json\/wp\/v2\/pages\/798\/revisions"}],"predecessor-version":[{"id":3724,"href":"https:\/\/www.peacefulpillhandbook.com\/deutsch\/wp-json\/wp\/v2\/pages\/798\/revisions\/3724"}],"wp:attachment":[{"href":"https:\/\/www.peacefulpillhandbook.com\/deutsch\/wp-json\/wp\/v2\/media?parent=798"}],"wp:term":[{"taxonomy":"post_tag","embeddable":true,"href":"https:\/\/www.peacefulpillhandbook.com\/deutsch\/wp-json\/wp\/v2\/tags?post=798"}],"curies":[{"name":"wp","href":"https:\/\/api.w.org\/{rel}","templated":true}]}}