{"id":833,"date":"2018-03-27T17:39:57","date_gmt":"2018-03-27T16:39:57","guid":{"rendered":"http:\/\/www.peacefulpillhandbook.com\/store\/?page_id=833"},"modified":"2018-04-30T09:48:12","modified_gmt":"2018-04-30T08:48:12","slug":"tos","status":"publish","type":"page","link":"https:\/\/www.peacefulpillhandbook.com\/store\/tos\/?lang=de","title":{"rendered":"Verkaufs- und Wiederrufsbedingungen"},"content":{"rendered":"<ul>\n<li><span style=\"font-weight: 400;\">Der Besitzer und Betreiber dieser Webseite ist Exit International. Der Ausdruck &#8220;Sie&#8221; oder &#8220;Ihr&#8221; bezieht sich auf s\u00e4mtliche Kunden, Besucher und andere Nutzer dieser Webseite.<\/span><span style=\"font-weight: 400;\"><br \/>\n<\/span><span style=\"font-weight: 400;\"><br \/>\n<\/span><span style=\"font-weight: 400;\">Wichtige Nutzungsbedingungen<\/span><span style=\"font-weight: 400;\"><br \/>\n<\/span> <span style=\"font-weight: 400;\"><br \/>\n<\/span><span style=\"font-weight: 400;\">Die Informationen auf dieser Webseite sind allgemeiner Natur und werden nur als Informationsmittel zur Verf\u00fcgung gestellt. Diese Informationen stellen keine spezifische Ratschl\u00e4ge dar.<\/span> <span style=\"font-weight: 400;\"><br \/>\n<\/span> <span style=\"font-weight: 400;\"><br \/>\n<\/span><span style=\"font-weight: 400;\">Sie best\u00e4tigen, dass Sie 50 Jahre oder \u00e4lter sind ODER, dass Sie berechtigte Gr\u00fcnde haben um diese Informationen zu lesen.<\/span><span style=\"font-weight: 400;\"><br \/>\n<\/span> <span style=\"font-weight: 400;\"><br \/>\n<\/span><span style=\"font-weight: 400;\">Sie best\u00e4tigen zurechnungsf\u00e4hig zu sein.<\/span> <span style=\"font-weight: 400;\"><br \/>\n<\/span> <span style=\"font-weight: 400;\"><br \/>\n<\/span><span style=\"font-weight: 400;\">Sie best\u00e4tigen, dass sie Ihren richtigen Namen und Ihre richtige Identit\u00e4t verwenden, um diesen Kauf zu t\u00e4tigen. Ein Bildausweis kann angefordert werden.<\/span><span style=\"font-weight: 400;\">.<\/span><\/p>\n<ul>\n<li style=\"list-style-type: none;\"><span style=\"font-weight: 400;\">Sie sind sich bewusst, dass der Kauf diese Buches nicht automatisch den Zugang zu den Forums gew\u00e4hrleistet.<\/span> <span style=\"font-weight: 400;\"><br \/>\n<\/span> <span style=\"font-weight: 400;\"><br \/>\n<\/span><span style=\"font-weight: 400;\"><br \/>\n<\/span><span style=\"font-weight: 400;\">ZUS\u00c4TZLICHE INFORMATIONEN UND BEDINGUNGEN<\/span><span style=\"font-weight: 400;\"><br \/>\n<\/span> <span style=\"font-weight: 400;\"><br \/>\n<\/span><span style=\"font-weight: 400;\">Alle Preise sind in Euro.<\/span> <span style=\"font-weight: 400;\"><br \/>\n<\/span> <span style=\"font-weight: 400;\"><br \/>\n<\/span><span style=\"font-weight: 400;\">In der Europ\u00e4ischen Union werden die Preise beim Abrechnen samt Mehrwertssteuer f\u00fcr das jeweilige Land angezeigt. <\/span> <span style=\"font-weight: 400;\"><br \/>\n<\/span> <span style=\"font-weight: 400;\"><br \/>\n<\/span><span style=\"font-weight: 400;\">Bitte vergewissern Sie sich, dass die angegebenen pers\u00f6nlichen Daten und Lieferadresse richtig und vollst\u00e4ndig sind, da wir nach Eingang der Bestellung keine \u00c4nderungen vornehmen k\u00f6nnen. Wir k\u00f6nnen f\u00fcr verlorengegangene Bestellungen wegen unvollst\u00e4ndiger Daten keine Verantwortung \u00fcbernehmen.<\/span> <span style=\"font-weight: 400;\"><br \/>\n<\/span> <span style=\"font-weight: 400;\"><br \/>\n<\/span><span style=\"font-weight: 400;\">Sollte Ihre Bestellung nicht geliefert werden m\u00fcssen Sie uns davon\u00a0 innerhalb von vier Wochen Mitteilung geben. Nach dieser Zeit k\u00f6nnen wir keine R\u00fcckerstattungen mehr gew\u00e4hren.<\/span><span style=\"font-weight: 400;\"><br \/>\n<\/span> <span style=\"font-weight: 400;\"><br \/>\n<\/span><span style=\"font-weight: 400;\">Informationen auf dieser Webseite k\u00f6nnten technische- oder Druckfehler enthalten. Innerhalb des gesetzlichen Rahmens chliessen wir jegliche Verantwortung f\u00fcr Fehler aus.<\/span>\u00a0<span style=\"font-weight: 400;\"><br \/>\n<\/span> <span style=\"font-weight: 400;\"><br \/>\n<\/span><span style=\"font-weight: 400;\">Keine Informationen auf dieser Webseite gew\u00e4hrt in irgendeiner Weise die Erlaubnis zur Verwendung s\u00e4mtlicher Inhalte ohne ausdr\u00fccklicher schriftlicher Erlaubnis seitens Exit International<\/span><span style=\"font-weight: 400;\">.<\/span> <span style=\"font-weight: 400;\"><br \/>\n<\/span> <span style=\"font-weight: 400;\"><br \/>\n<\/span>Sie stimmen durch Ihren Kauf zu, dass die B\u00fccher ausschliesslich zum privaten Gebrauch verwendet werden.<\/li>\n<li><\/li>\n<li style=\"list-style-type: none;\"><strong>R\u00fcckgabe und R\u00fcckerstattung des Handbuchs &#8220;Die friedliche Pille&#8221;<\/strong><\/li>\n<li style=\"list-style-type: none;\">Das Buch kann nur zur\u00fcckgegeben werden, wenn die Verpackung unge\u00f6ffnet ist und das Buch nicht verwendet wurde.Sollte ein Buch irrt\u00fcmlich gekauft worden sein (z.B. wenn der K\u00e4ufer nicht zurechnungsf\u00e4hig ist) wird eine Teilr\u00fcckerstattung gew\u00e4hrt, exklusive Versand und Bearbeitungsgeb\u00fchren.Diese Gesch\u00e4ftsbedingungen unterliegen der Gesetzesgebung der Niederlande und Sie der Gerichtbarkeit niederl\u00e4ndischer Gerichte zu.Exit Internation beh\u00e4lt sich das Recht vor, Teile dieser Gesch\u00e4ftsbedingungen zu \u00e4ndern, erg\u00e4nzen oder l\u00f6schen und wird s\u00e4mtliche \u00c4nderungen auf dieser Webseite bekanntgeben.Sie stimmen zu, dass Exit International USA und seine Partner, Direktoren, Beamte, Angestellte oder Vertreter keine Verantwortung f\u00fcr jegliche Anforderungen, Kosten, Schaden die durch die Verwendung dieser Webseite aufkommen k\u00f6nnten, habenGEW\u00c4HRLEISTUNGSAUSSCHLUSS UND HAFTUNGSBESCHR\u00c4NKUNGSIE STIMMEN AUSDR\u00dcCKLICH ZU, DASS SIE DIE WEBSEITE AUF EIGENE GAFAHR VERWENDEN. WEDER EXIT INTERNATIONAL NOCH SEINE VERTRETER, AGENTEN, ANGESTELLTE GARANTIEREN DIE FEHLERFREIHEIT DER WEBSEITE ODER NEHMEN IRGEDEINE VERANTWORTUNG \u00dcBER DIE ERGEBNISSE WELCHE DURCH DIE VERWENDUNG DER WEBSEITE ERZIELT WERDEN K\u00d6NNEN ODER \u00dcBER DIE ZUVERL\u00c4SSIGKEIT JEGLICHER INFORMATION, DIENSTLEISTUNG ODER SERVICE WELCHE AUF DER WEBSEITE GEBOTEN WIRD.<strong>Datenschutz<\/strong>\n<p>Die Verwendung der pers\u00f6nlichen Daten, welche Sie mittels dieser Webseite an Exit International USA zusenden unterliegen den <a href=\"https:\/\/www.peacefulpillhandbook.com\/deutsch\/\" target=\"_blank\" rel=\"noopener\">Datenschutzbestimmungen von Exit International<\/a>. Wir respektieren Ihre Privacy und werden daher niemals Ihre pers\u00f6nlichen Informationen and Dritte weitergeben. S\u00e4mtliche Informationen, die durch diese Webseite gesammelt werden dienen ausschliesslich zum Abschluss der Transaktion oder zur Benachrichtigung wichtiger Informationen seitens Exit International. Ihr pers\u00f6nlichen Daten werden verschl\u00fcsselt \u00fcber SSL Technologie (Secure Socket Layer) \u00fcbermittelt. <a href=\"https:\/\/www.peacefulpillhandbook.com\/deutsch\/\" target=\"_blank\" rel=\"noopener\">Unsere vollst\u00e4ndigen Datenschutzbestimmungen finden Sie hier<\/a>.<\/p>\n<p>Versand<\/p>\n<p>Das Handbuch Die friedliche Pille wird per Post von Deutschland oder von den Niederlanden versendet. Versandszeiten k\u00f6nnen bis zu 28 Tage dauern.<\/li>\n<\/ul>\n<\/li>\n<\/ul>\n","protected":false},"excerpt":{"rendered":"<p>Der Besitzer und Betreiber dieser Webseite ist Exit International. Der Ausdruck &#8220;Sie&#8221; oder &#8220;Ihr&#8221; bezieht sich auf s\u00e4mtliche Kunden, Besucher und andere Nutzer dieser Webseite. Wichtige Nutzungsbedingungen Die Informationen auf dieser Webseite sind allgemeiner Natur und werden nur als Informationsmittel zur Verf\u00fcgung gestellt. Diese Informationen stellen keine spezifische Ratschl\u00e4ge dar. Sie best\u00e4tigen, dass Sie 50 [&hellip;]<\/p>\n","protected":false},"author":1,"featured_media":0,"parent":0,"menu_order":0,"comment_status":"closed","ping_status":"closed","template":"","meta":{"footnotes":""},"class_list":["post-833","page","type-page","status-publish","hentry"],"_links":{"self":[{"href":"https:\/\/www.peacefulpillhandbook.com\/store\/wp-json\/wp\/v2\/pages\/833","targetHints":{"allow":["GET"]}}],"collection":[{"href":"https:\/\/www.peacefulpillhandbook.com\/store\/wp-json\/wp\/v2\/pages"}],"about":[{"href":"https:\/\/www.peacefulpillhandbook.com\/store\/wp-json\/wp\/v2\/types\/page"}],"author":[{"embeddable":true,"href":"https:\/\/www.peacefulpillhandbook.com\/store\/wp-json\/wp\/v2\/users\/1"}],"replies":[{"embeddable":true,"href":"https:\/\/www.peacefulpillhandbook.com\/store\/wp-json\/wp\/v2\/comments?post=833"}],"version-history":[{"count":5,"href":"https:\/\/www.peacefulpillhandbook.com\/store\/wp-json\/wp\/v2\/pages\/833\/revisions"}],"predecessor-version":[{"id":1066,"href":"https:\/\/www.peacefulpillhandbook.com\/store\/wp-json\/wp\/v2\/pages\/833\/revisions\/1066"}],"wp:attachment":[{"href":"https:\/\/www.peacefulpillhandbook.com\/store\/wp-json\/wp\/v2\/media?parent=833"}],"curies":[{"name":"wp","href":"https:\/\/api.w.org\/{rel}","templated":true}]}}