{"id":647,"date":"2018-03-25T17:37:42","date_gmt":"2018-03-25T16:37:42","guid":{"rendered":"http:\/\/www.peacefulpillhandbook.com\/store\/en\/?post_type=product&#038;p=647"},"modified":"2023-09-12T14:48:22","modified_gmt":"2023-09-12T13:48:22","slug":"lpq","status":"publish","type":"product","link":"https:\/\/www.peacefulpillhandbook.com\/store\/prodotto\/lpq\/?lang=it","title":{"rendered":"La pillola della quiete <b>Versione stampata<\/b>"},"content":{"rendered":"<p dir=\"ltr\"><em><strong>Il manuale La pillola della quiete<\/strong><\/em>\u00a0descrive strategie pacifiche, tranquille e affidabili.<\/p>\n<p dir=\"ltr\">Sia la versione stampata che quella digitale del manuale ha lo scopo di fornire informazioni su eutanasia e assistenza al suicidio per persone anziane o gravemente malate (per esempio di cancro o SLA), per famigliari e amici.<\/p>\n<p dir=\"ltr\">L\u2019et\u00e0 minima per acquistare il manuale \u00e8 50 anni. In taluni casi pu\u00f2 essere richiesta la verifica dell&#8217;et\u00e0.<\/p>\n<p dir=\"ltr\"><em><strong>Il manuale<\/strong><\/em>\u00a0<em><strong>La pillola della quiete<\/strong><\/em>\u00a0elenca le strategie pi\u00f9 importanti, efficaci e pacifiche per il proprio fine vita, grazie al test di Exit su tranquillit\u00e0 e affidabilit\u00e0.<\/p>\n<p dir=\"ltr\"><strong>Contenuti del manuale<\/strong><\/p>\n<p>Premessa<br \/>\nIntroduzione<br \/>\nLa legislazione<br \/>\nLa pillola della quiete<br \/>\nIl test RP di Exit<br \/>\nMorte per ipossia e la Exit bag<br \/>\nMonossido di carbonio<br \/>\nSali inorganici letali<br \/>\nMorte con detergenti<br \/>\nUn\u2019introduzione<br \/>\nMorfina e gli oppiacei<br \/>\nPropossifene<br \/>\nAmitriptilina<br \/>\nClorochina<br \/>\nInsulina<br \/>\nIdrato di cloralio<br \/>\nCocktail di farmaci<br \/>\nNembutal<br \/>\nReperibilit\u00e0 del Nembutal<br \/>\nTruffe legate al Nembutal<br \/>\nTestare e conservare il Nembutal<br \/>\nSomministrazione del Nembutal<br \/>\nIl progetto \u201cThe Peaceful Pill\u201d<br \/>\nOpzioni svizzere<br \/>\nConsiderazioni finali<br \/>\nTabella RP di Exit<\/p>\n<p dir=\"ltr\"><strong>Riassumendo<\/strong><\/p>\n<p dir=\"ltr\">Questa \u00e8 la versione stampata del libro La pillola della quiete. Non contiene:<\/p>\n<ul>\n<li>Aggiornamenti<\/li>\n<li>Accesso al forum di Exit<\/li>\n<\/ul>\n<p><strong>Aspetti legali<\/strong><\/p>\n<ul>\n<li>L\u2019e-book viene venduto solo a persone capaci di intendere e di volere con un\u2019et\u00e0 minima di 50 anni. In caso di malattie gravi o motivazioni fondate si possono fare delle eccezioni.<\/li>\n<li>Pu\u00f2 essere richiesta una copia di un documento di identit\u00e0<\/li>\n<\/ul>\n","protected":false},"excerpt":{"rendered":"<p>Il manuale <em><strong>La pillola della quiete (Edizione 2018)<\/strong><\/em>\u00a0\u00e8 la traduzione in italiano del famoso \u201cThe Peaceful Pill Handbook\u201d.<\/p>\n<p>Questa \u00e8 la versione stampata 2018.<br \/>\nLa versione digitale \u00e8 disponibile <a href=\"https:\/\/www.peacefulpillhandbook.com\/store\/it\/?product=the-peaceful-pill-ehandbook\">qui<\/a>.<\/p>\n<p><strong>Si ricorda che il manuale \u00e8 <span style=\"text-decoration: underline\">esclusivamente<\/span> per persone gravemente malate e\/o con pi\u00f9 di 50 anni. Prima della spediazione verr\u00e0 richiesta la relativa documentazione.<\/strong><\/p>\n","protected":false},"featured_media":556,"template":"","meta":[],"product_brand":[],"product_cat":[42],"product_tag":[],"class_list":{"0":"post-647","1":"product","2":"type-product","3":"status-publish","4":"has-post-thumbnail","6":"product_cat-italiano-it","8":"first","9":"outofstock","10":"sold-individually","11":"taxable","12":"shipping-taxable","13":"purchasable","14":"product-type-simple"},"_links":{"self":[{"href":"https:\/\/www.peacefulpillhandbook.com\/store\/wp-json\/wp\/v2\/product\/647","targetHints":{"allow":["GET"]}}],"collection":[{"href":"https:\/\/www.peacefulpillhandbook.com\/store\/wp-json\/wp\/v2\/product"}],"about":[{"href":"https:\/\/www.peacefulpillhandbook.com\/store\/wp-json\/wp\/v2\/types\/product"}],"wp:featuredmedia":[{"embeddable":true,"href":"https:\/\/www.peacefulpillhandbook.com\/store\/wp-json\/wp\/v2\/media\/556"}],"wp:attachment":[{"href":"https:\/\/www.peacefulpillhandbook.com\/store\/wp-json\/wp\/v2\/media?parent=647"}],"wp:term":[{"taxonomy":"product_brand","embeddable":true,"href":"https:\/\/www.peacefulpillhandbook.com\/store\/wp-json\/wp\/v2\/product_brand?post=647"},{"taxonomy":"product_cat","embeddable":true,"href":"https:\/\/www.peacefulpillhandbook.com\/store\/wp-json\/wp\/v2\/product_cat?post=647"},{"taxonomy":"product_tag","embeddable":true,"href":"https:\/\/www.peacefulpillhandbook.com\/store\/wp-json\/wp\/v2\/product_tag?post=647"}],"curies":[{"name":"wp","href":"https:\/\/api.w.org\/{rel}","templated":true}]}}